late the greatest common factor of 16455 and 10.
5
What is the greatest common factor of 27 and 2?
1
What is the greatest common divisor of 31 and 1?
1
What is the highest common divisor of 812 and 224?
28
What is the highest common divisor of 2112 and 6?
6
What is the highest common divisor of 3290 and 70?
70
What is the highest common factor of 85 and 400?
5
Calculate the highest common factor of 1000 and 24.
8
Calculate the highest common divisor of 8 and 20320.
8
Calculate the greatest common factor of 3184 and 112.
16
What is the greatest common factor of 327 and 3?
3
What is the greatest common factor of 273 and 364?
91
What is the greatest common factor of 14832 and 288?
144
Calculate the greatest common divisor of 4087 and 183.
61
What is the greatest common factor of 107540 and 76?
76
What is the greatest common divisor of 6 and 118?
2
Calculate the highest common factor of 15 and 9285.
15
What is the greatest common divisor of 10 and 205?
5
Calculate the highest common factor of 16 and 10256.
16
Calculate the greatest common divisor of 5966 and 19.
19
Calculate the highest common divisor of 501 and 3.
3
What is the highest common divisor of 27 and 25?
1
Calculate the highest common divisor of 13 and 689.
13
What is the greatest common factor of 2 and 3568?
2
Calculate the highest common factor of 480 and 60.
60
What is the highest common factor of 5229 and 63?
63
Calculate the greatest common divisor of 143 and 10439.
143
Calculate the highest common factor of 2132 and 104.
52
Calculate the greatest common divisor of 14 and 77.
7
Calculate the highest common divisor of 38 and 551.
19
What is the greatest common factor of 4 and 44?
4
What is the highest common factor of 462 and 594?
66
What is the highest common factor of 72 and 10392?
24
What is the greatest common factor of 19 and 2?
1
What is the greatest common factor of 15 and 39570?
15
What is the highest common factor of 2630 and 10?
10
Calculate the greatest common divisor of 4 and 182.
2
What is the highest common divisor of 168 and 42?
42
Calculate the greatest common factor of 169 and 16731.
169
Calculate the greatest common factor of 1517 and 148.
37
Calculate the greatest common divisor of 2540 and 180.
20
Calculate the greatest common divisor of 199 and 2.
1
Calculate the greatest common divisor of 62 and 496.
62
Calculate the greatest common factor of 42 and 11424.
42
Calculate the greatest common divisor of 11 and 143.
11
Calculate the highest common factor of 99 and 528.
33
Calculate the greatest common factor of 29127 and 21.
21
Calculate the highest common factor of 286 and 39.
13
Calculate the greatest common divisor of 28 and 56.
28
Calculate the greatest common divisor of 7967 and 31.
31
What is the greatest common divisor of 326 and 2?
2
Calculate the highest common factor of 609 and 116.
29
Calculate the highest common divisor of 48 and 2022.
6
Calculate the greatest common factor of 11 and 209.
11
Calculate the highest common divisor of 80 and 20.
20
Calculate the greatest common factor of 182 and 126.
14
Calculate the greatest common divisor of 84 and 273.
21
What is the greatest common divisor of 384 and 104?
8
Calculate the highest common divisor of 187 and 594.
11
What is the highest common factor of 36 and 2790?
18
Calculate the greatest common factor of 2000 and 375.
125
What is the highest common factor of 49 and 4508?
49
Calculate the highest common factor of 38 and 6859.
19
Calculate the greatest common factor of 2480 and 80.
80
Calculate the greatest common divisor of 12 and 12162.
6
Calculate the greatest common divisor of 2061 and 135.
9
Calculate the greatest common factor of 15 and 180.
15
Calculate the highest common factor of 6413 and 33.
11
What is the highest common factor of 410 and 1558?
82
Calculate the greatest common factor of 7326 and 66.
66
Calculate the greatest common divisor of 4263 and 87.
87
Calculate the highest common divisor of 54 and 1188.
54
Calculate the highest common factor of 408 and 300.
12
Calculate the highest common divisor of 60 and 8.
4
Calculate the highest common divisor of 12 and 102.
6
Calculate the greatest common factor of 1827 and 42.
21
Calculate the greatest common divisor of 190 and 266.
38
Calculate the highest common divisor of 1206 and 6.
6
Calculate the greatest common factor of 144 and 27.
9
Calculate the greatest common factor of 35 and 1757.
7
What is the greatest common factor of 48 and 40?
8
Calculate the highest common divisor of 11440 and 52.
52
Calculate the highest common divisor of 15 and 115.
5
What is the greatest common factor of 27 and 351?
27
Calculate the greatest common factor of 238 and 8670.
34
Calculate the greatest common factor of 258 and 43.
43
Calculate the highest common divisor of 9477 and 26.
13
What is the greatest common factor of 9273 and 33?
33
What is the greatest common factor of 52 and 22529?
13
Calculate the greatest common divisor of 14 and 4459.
7
Calculate the highest common factor of 30 and 390.
30
What is the greatest common divisor of 202 and 2626?
202
Calculate the highest common divisor of 336 and 104.
8
What is the greatest common divisor of 238 and 126?
14
What is the highest common divisor of 44 and 55?
11
What is the highest common divisor of 3726 and 54?
54
Calculate the highest common divisor of 532 and 4028.
76
What is the greatest common divisor of 29936 and 16?
16
Calculate the highest common divisor of 16 and 266.
2
What is the highest common divisor of 396 and 16533?
99
Calculate the greatest common divisor of 9231 and 204.
51
What is the greatest common divisor of 15052 and 318?
106
What is the greatest common factor of 558 and 9114?
186
Calculate the greatest common factor of 85 and 25.
5
What is the highest common factor of 12 and 52?
4
Calculate the highest common divisor of 144 and 34.
2
Calculate the greatest common factor of 170 and 1010.
10
What is the highest common factor of 435 and 15?
15
What is the greatest common divisor of 33 and 1947?
33
What is the greatest common factor of 19 and 304?
19
Calculate the greatest common divisor of 4970 and 56.
14
What is the greatest common factor of 912 and 384?
48
What is the highest common factor of 65 and 91?
13
Calculate the highest common divisor of 356 and 1513.
89
Calculate the highest common divisor of 39 and 1313.
13
What is the greatest common factor of 345 and 15?
15
What is the greatest common factor of 102 and 34?
34
What is the greatest common divisor of 208 and 26?
26
Calculate the highest common factor of 5512 and 13.
13
What is the greatest common factor of 2041 and 39?
13
Calculate the highest common divisor of 136 and 1802.
34
Calculate the greatest common factor of 88 and 16.
8
What is the highest common factor of 55 and 1243?
11
Calculate the highest common divisor of 820 and 20.
20
What is the highest common factor of 324 and 405?
81
What is the highest common factor of 57 and 19247?
19
Calculate the highest common divisor of 133 and 836.
19
Calculate the highest common factor of 264 and 2079.
33
What is the greatest common divisor of 2058 and 28?
14
What is the highest common divisor of 66 and 957?
33
Calculate the highest common divisor of 96 and 348.
12
Calculate the highest common divisor of 33 and 308.
11
Calculate the greatest common factor of 40 and 568.
8
What is the highest common factor of 4 and 910?
2
Calculate the highest common divisor of 784 and 14.
14
What is the greatest common factor of 1562 and 142?
142
What is the greatest common factor of 7597 and 321?
107
What is the greatest common divisor of 6 and 4584?
6
Calculate the highest common factor of 704 and 264.
88
Calculate the highest common factor of 192 and 12.
12
Calculate the highest common factor of 12750 and 250.
250
Calculate the greatest common divisor of 17 and 1.
1
Calculate the greatest common divisor of 30 and 42.
6
Calculate the highest common divisor of 2214 and 54.
54
What is the greatest common divisor of 53 and 105947?
53
Calculate the greatest common divisor of 4 and 6.
2
What is the highest common factor of 8911 and 134?
67
What is the highest common factor of 26 and 247?
13
What is the highest common factor of 1250 and 2900?
50
What is the highest common divisor of 12223 and 17?
17
Wha